e 15, what is 22dd + 909?
2be7
In base 9, what is 10006 - -2775?
12782
In base 7, what is -504640266 + 1?
-504640265
In base 12, what is b32b + 102?
b431
In base 15, what is -6 + -232893?
-232899
In base 13, what is 9466 - -595?
9a2b
In base 8, what is -32 + 4262336?
4262304
In base 13, what is 7485a921 + -3?
7485a91b
In base 4, what is -32003100333112 + 0?
-32003100333112
In base 9, what is -24021003 - 4?
-24021007
In base 16, what is 6c0c - -ad4?
76e0
In base 10, what is 30731 - -32?
30763
In base 11, what is -815041 - 4?
-815045
In base 14, what is 21d209 - -7?
21d212
In base 16, what is -e + -11dc?
-11ea
In base 6, what is 1150 + 42041303?
42042453
In base 2, what is -11001110110110101101 - -1?
-11001110110110101100
In base 10, what is 818844 + -1?
818843
In base 15, what is -a - 1c48a6?
-1c48b1
In base 5, what is 1312144442434 + -1?
1312144442433
In base 9, what is 208682677 + -3?
208682674
In base 10, what is -93 - -120029?
119936
In base 10, what is 45 + -1220547?
-1220502
In base 10, what is 726 - 36149?
-35423
In base 8, what is -2056 - 113415?
-115473
In base 11, what is 657 + 4220?
4877
In base 14, what is 252 + -1590?
-133c
In base 5, what is -113023 - 4202120?
-4320143
In base 5, what is -12222311 - 213?
-12223024
In base 15, what is 1b3e6011 + -2?
1b3e600e
In base 5, what is -24022242211 - 3?
-24022242214
In base 14, what is 2b4 - -40a?
6c0
In base 2, what is -1001000100101011 - -100010000?
-1001000000011011
In base 11, what is 5 - -11a584?
11a589
In base 5, what is -1111 - -203220?
202104
In base 8, what is 111036411 - 3?
111036406
In base 4, what is 2 - 1001221010000?
-1001221003332
In base 11, what is -9919 + -5521?
-1433a
In base 3, what is -22001121112221010 + 1?
-22001121112221002
In base 15, what is 108 + 11ec?
1305
In base 3, what is -21 - -11121101211200222?
11121101211200201
In base 10, what is 2 + 6213389?
6213391
In base 13, what is 4b0 - 9a927?
-9a447
In base 8, what is -16 - 407615437?
-407615455
In base 14, what is 2168 + 521ac?
54336
In base 14, what is 51db049 - -4?
51db04d
In base 9, what is -50861 - 703?
-51664
In base 16, what is 10b0967f - 3?
10b0967c
In base 15, what is dcbd2 - -b?
dcbdd
In base 4, what is -1232 - 13232013?
-13233311
In base 5, what is 3241323 + 1323?
3243201
In base 10, what is 2 + -1186424?
-1186422
In base 12, what is -8a3a - -27a?
-8780
In base 12, what is -17 - -12a87?
12a70
In base 7, what is 2516 + -540550?
-535031
In base 8, what is 0 - 2432015?
-2432015
In base 4, what is 1010331220013 - -20?
1010331220033
In base 5, what is 1012432 - 432?
1012000
In base 3, what is 11 + 2001021010212?
2001021011000
In base 5, what is 32020301213 - -40?
32020301303
In base 5, what is -1121334301 + -222?
-1121340023
In base 14, what is -67d16c3 + 5?
-67d16bc
In base 12, what is -219586968 - -2?
-219586966
In base 13, what is 287 + 1041a?
106a4
In base 8, what is 1302 + -7244722?
-7243420
In base 4, what is -1010 + 100002130?
100001120
In base 5, what is 1341221 - -134?
1341410
In base 2, what is 1111011100 - -1110101101010110?
1110111100110010
In base 11, what is -364 + -1191?
-1545
In base 13, what is -4922a + -438?
-49665
In base 7, what is -115311 + -350?
-115661
In base 12, what is -4 - 102a3?
-102a7
In base 11, what is -655 + -a59?
-1603
In base 12, what is 221303 - 846?
220679
In base 8, what is 14 + 27437415?
27437431
In base 16, what is -c534 + 4fd9?
-755b
In base 2, what is -101 - -11100001110000100111010100?
11100001110000100111001111
In base 14, what is -5 + 637b60?
637b59
In base 2, what is -10 + 1101000000111110100011?
1101000000111110100001
In base 13, what is 3accc + 54?
3b053
In base 8, what is 11 - 47563254?
-47563243
In base 16, what is -14fb0 + 11?
-14f9f
In base 4, what is 3010022323132002 + -2?
3010022323132000
In base 12, what is 2 - 795585?
-795583
In base 15, what is -29e8 - 51?
-2a49
In base 2, what is -101111110110011011 + -1011101?
-101111110111111000
In base 2, what is -10110010110001100100011 + 1000?
-10110010110001100011011
In base 13, what is -2866 - 1973?
-4509
In base 3, what is -10 - -1101102112110101?
1101102112110021
In base 7, what is -15 - -2125665?
2125650
In base 6, what is -533 - -10001?
5024
In base 9, what is 33 + -223614?
-223571
In base 7, what is -44 + 46403565?
46403521
In base 5, what is 213 - 244122213?
-244122000
In base 16, what is -17b6 + -6631?
-7de7
In base 2, what is -111110100 - 1010100100101?
-1011100011001
In base 2, what is -11101000111110 + 10111101111?
-11010001001111
In base 3, what is 11100101212121 + 21?
11100101212212
In base 7, what is -1505003 - 6?
-1505012
In base 12, what is -2731 + -17971?
-1a4a2
In base 11, what is a7a629 - -22?
a7a650
In base 5, what is -1030034312 + -120?
-1030034432
In base 8, what is 617244702 - -3?
617244705
In base 8, what is -503 - -105655?
105152
In base 2, what is -1101 + 1010011001010001010101001?
1010011001010001010011100
In base 10, what is 16620 + 17078?
33698
In base 6, what is 45541 + -141?
45400
In base 2, what is 101011101011000110010 - 10000?
101011101011000100010
In base 11, what is -9a + -72549?
-72638
In base 6, what is 114 + 1405310?
1405424
In base 3, what is -1111211220200 + 21?
-1111211220102
In base 7, what is 30243465 + 100?
30243565
In base 11, what is 63207 + -1409?
618a9
In base 5, what is -20012041341 + 14?
-20012041322
In base 15, what is 13bca - -153?
13d2d
In base 8, what is -32222 - 4232?
-36454
In base 13, what is -10151606 + -8?
-10151611
In base 10, what is 3536 + 766?
4302
In base 3, what is -12010201111 - 120120?
-12011022001
In base 2, what is -1000010101011001101110000010 + 11?
-1000010101011001101101111111
In base 13, what is ab066 - -234?
ab29a
In base 2, what is -1100111010111000110000 + 10100?
-1100111010111000011100
In base 12, what is -4 + 2122617?
2122613
In base 7, what is 42310 - 33563?
5414
In base 13, what is 1727b791 + 2?
1727b793
In base 2, what is -1100010000100100 - -110100111011001?
-101101001001011
In base 3, what is -11 + 10121021001222112?
10121021001222101
In base 9, what is 8816 + -7137?
1668
In base 15, what is 4646c45 - 3?
4646c42
In base 13, what is 35a18 - -a?
35a25
In base 12, what is 71 - -671a?
678b
In base 2, what is -1010011011100000010110111 + 101?
-1010011011100000010110010
In base 14, what is -2 - 1d539?
-1d53b
In base 8, what is -27636 + 3007?
-24627
In base 9, what is -208712 + -11?
-208723
In base 3, what is -1 + -12001010110210?
-12001010110211
In base 13, what is -22c070 + -8?
-22c078
In base 4, what is -103120232 + 230?
-103120002
In base 16, what is -27ed - -7a3?
-204a
In base 2, what is 110001100011001011101 - 110?
110001100011001010111
In base 9, what is 10 + 253545650?
253545660
In base 11, what is -387607718 - 0?
-387607718
In base 4, what is 223210 + -11013020?
-10123210
In base 15, what is -3382 + 3c?
-3345
In base 7, what is 3 + -112220242?
-112220236
In base 16, what is 2403 - -35b?
275e
In base 2, what is 11001011011011011010000000 + -1?
11001011011011011001111111
In base 4, what is -3303133003 + 2?
-3303133001
In base 2, what is 1001100011101111011 - 10000010?
1001100011011111001
In base 9, what is -2 - -520575666?
520575664
In base 16, what is 65d5e - -2d?
65d8b
In base 3, what is 111220100022 + 20200001?
112011000100
In base 9, what is -17446286 - 0?
-17446286
In base 7, what is 21 - 1002523?
-1002502
In base 16, what is 4 - 1ca8b4?
-1ca8b0
In base 5, what is -102424043 - 30?
-102424123
In base 16, what is -1099e3 - 0?
-1099e3
In base 10, what is 13 + -1444485?
-1444472
In base 16, what is 5598 + ab2?
604a
In base 8, what is 2547442110 + -3?
2547442105
In base 15, what is 56 + 7db335?
7db38b
In base 11, what is -7 - -117913a?
1179133
In base 16, what is -350 + 27164?
26e14
In base 16, what is -a98228 - 2?
-a9822a
In base 13, what is -1 + 1539492?
1539491
In base 13, what is -1554b - -8c?
-1548c
In base 10, what is -4941 - -814?
-4127
In base 6, what is -41150414 + -330?
-41151144
In base 5, what is 1303 + 13243020?
13244323
In base 16, what is 1 + -b1bbd?
-b1bbc
In base 4, what is -2123113310202 - -11?
-2123113310131
In base 14, what is 91a + -33d?
5bb
In base 4, what is -3111203 + 300010?
-2211133
In base 6, what is 2115 - -543?
3102
In base 7, what is 10 - -1300342?
1300352
In base 14, what is 27a3 - -1960?
4323
In